{"id":57648,"date":"2025-07-29T06:44:05","date_gmt":"2025-07-29T06:44:05","guid":{"rendered":"https:\/\/www.enabel.be\/tenders\/marche-de-services-relatif-a-la-mise-en-place-dun-accord-cadre-pour-des-prestations-de-services-dorganisation-de-seminaires-hebergement-restauration-et-de-location-de-s\/"},"modified":"2025-07-29T06:47:50","modified_gmt":"2025-07-29T06:47:50","slug":"marche-de-services-relatif-a-la-mise-en-place-dun-accord-cadre-pour-des-prestations-de-services-dorganisation-de-seminaires-hebergement-restauration-et-de-location-de-s","status":"publish","type":"tenders","link":"https:\/\/www.enabel.be\/nl\/tenders\/marche-de-services-relatif-a-la-mise-en-place-dun-accord-cadre-pour-des-prestations-de-services-dorganisation-de-seminaires-hebergement-restauration-et-de-location-de-s\/","title":{"rendered":"2108BDI-10197_March\u00e9 de Services relatif \u00e0 la \u00ab\u00a0mise en place d\u2019un accord-cadre pour des prestations de services d\u2019organisation de s\u00e9minaires (h\u00e9bergement, restauration et de location de salle de r\u00e9unions), au profit de la Repr\u00e9sentation de Enabel au Burundi et de ses projets\u00a0\u00bb"},"content":{"rendered":"","protected":false},"featured_media":0,"template":"","type-tenders":[],"class_list":["post-57648","tenders","type-tenders","status-publish","hentry"],"yoast_head":"<!-- This site is optimized with the Yoast SEO plugin v25.9 - https:\/\/yoast.com\/wordpress\/plugins\/seo\/ -->\n<title>2108BDI-10197_March\u00e9 de Services relatif \u00e0 la \u00ab\u00a0mise en place d\u2019un accord-cadre pour des prestations de services d\u2019organisation de s\u00e9minaires (h\u00e9bergement, restauration et de location de salle de r\u00e9unions), au profit de la Repr\u00e9sentation de Enabel au Burundi et de ses projets\u00a0\u00bb - Enabel - Belgisch agentschap voor internationale samenwerking<\/title>\n<meta name=\"robots\" content=\"index, follow, max-snippet:-1, max-image-preview:large, max-video-preview:-1\" \/>\n<link rel=\"canonical\" href=\"https:\/\/www.enabel.be\/nl\/tenders\/marche-de-services-relatif-a-la-mise-en-place-dun-accord-cadre-pour-des-prestations-de-services-dorganisation-de-seminaires-hebergement-restauration-et-de-location-de-s\/\" \/>\n<meta property=\"og:locale\" content=\"nl_NL\" \/>\n<meta property=\"og:type\" content=\"article\" \/>\n<meta property=\"og:title\" content=\"2108BDI-10197_March\u00e9 de Services relatif \u00e0 la \u00ab\u00a0mise en place d\u2019un accord-cadre pour des prestations de services d\u2019organisation de s\u00e9minaires (h\u00e9bergement, restauration et de location de salle de r\u00e9unions), au profit de la Repr\u00e9sentation de Enabel au Burundi et de ses projets\u00a0\u00bb - Enabel - Belgisch agentschap voor internationale samenwerking\" \/>\n<meta property=\"og:url\" content=\"https:\/\/www.enabel.be\/nl\/tenders\/marche-de-services-relatif-a-la-mise-en-place-dun-accord-cadre-pour-des-prestations-de-services-dorganisation-de-seminaires-hebergement-restauration-et-de-location-de-s\/\" \/>\n<meta property=\"og:site_name\" content=\"Enabel - Belgisch agentschap voor internationale samenwerking\" \/>\n<meta property=\"article:publisher\" content=\"https:\/\/www.facebook.com\/EnabelBelgium\/\" \/>\n<meta property=\"article:modified_time\" content=\"2025-07-29T06:47:50+00:00\" \/>\n<meta property=\"og:image\" content=\"https:\/\/www.enabel.be\/app\/uploads\/2022\/10\/OG-Enabel-e1666600479426.jpg\" \/>\n\t<meta property=\"og:image:width\" content=\"1500\" \/>\n\t<meta property=\"og:image:height\" content=\"707\" \/>\n\t<meta property=\"og:image:type\" content=\"image\/jpeg\" \/>\n<meta name=\"twitter:card\" content=\"summary_large_image\" \/>\n<meta name=\"twitter:site\" content=\"@Enabel_Belgium\" \/>\n<meta name=\"twitter:label1\" content=\"Est. reading time\" \/>\n\t<meta name=\"twitter:data1\" content=\"1 minuut\" \/>\n<script type=\"application\/ld+json\" class=\"yoast-schema-graph\">{\"@context\":\"https:\/\/schema.org\",\"@graph\":[{\"@type\":\"WebPage\",\"@id\":\"https:\/\/www.enabel.be\/nl\/tenders\/marche-de-services-relatif-a-la-mise-en-place-dun-accord-cadre-pour-des-prestations-de-services-dorganisation-de-seminaires-hebergement-restauration-et-de-location-de-s\/\",\"url\":\"https:\/\/www.enabel.be\/nl\/tenders\/marche-de-services-relatif-a-la-mise-en-place-dun-accord-cadre-pour-des-prestations-de-services-dorganisation-de-seminaires-hebergement-restauration-et-de-location-de-s\/\",\"name\":\"2108BDI-10197_March\u00e9 de Services relatif \u00e0 la \u00ab\u00a0mise en place d\u2019un accord-cadre pour des prestations de services d\u2019organisation de s\u00e9minaires (h\u00e9bergement, restauration et de location de salle de r\u00e9unions), au profit de la Repr\u00e9sentation de Enabel au Burundi et de ses projets\u00a0\u00bb - Enabel - Belgisch agentschap voor internationale samenwerking\",\"isPartOf\":{\"@id\":\"https:\/\/www.enabel.be\/nl\/#website\"},\"datePublished\":\"2025-07-29T06:44:05+00:00\",\"dateModified\":\"2025-07-29T06:47:50+00:00\",\"breadcrumb\":{\"@id\":\"https:\/\/www.enabel.be\/nl\/tenders\/marche-de-services-relatif-a-la-mise-en-place-dun-accord-cadre-pour-des-prestations-de-services-dorganisation-de-seminaires-hebergement-restauration-et-de-location-de-s\/#breadcrumb\"},\"inLanguage\":\"nl-NL\",\"potentialAction\":[{\"@type\":\"ReadAction\",\"target\":[\"https:\/\/www.enabel.be\/nl\/tenders\/marche-de-services-relatif-a-la-mise-en-place-dun-accord-cadre-pour-des-prestations-de-services-dorganisation-de-seminaires-hebergement-restauration-et-de-location-de-s\/\"]}]},{\"@type\":\"BreadcrumbList\",\"@id\":\"https:\/\/www.enabel.be\/nl\/tenders\/marche-de-services-relatif-a-la-mise-en-place-dun-accord-cadre-pour-des-prestations-de-services-dorganisation-de-seminaires-hebergement-restauration-et-de-location-de-s\/#breadcrumb\",\"itemListElement\":[{\"@type\":\"ListItem\",\"position\":1,\"name\":\"Home\",\"item\":\"https:\/\/www.enabel.be\/nl\/\"},{\"@type\":\"ListItem\",\"position\":2,\"name\":\"2108BDI-10197_March\u00e9 de Services relatif \u00e0 la \u00ab\u00a0mise en place d\u2019un accord-cadre pour des prestations de services d\u2019organisation de s\u00e9minaires (h\u00e9bergement, restauration et de location de salle de r\u00e9unions), au profit de la Repr\u00e9sentation de Enabel au Burundi et de ses projets\u00a0\u00bb\"}]},{\"@type\":\"WebSite\",\"@id\":\"https:\/\/www.enabel.be\/nl\/#website\",\"url\":\"https:\/\/www.enabel.be\/nl\/\",\"name\":\"Enabel - Belgisch agentschap voor internationale samenwerking\",\"description\":\"Enabling Change\",\"publisher\":{\"@id\":\"https:\/\/www.enabel.be\/nl\/#organization\"},\"potentialAction\":[{\"@type\":\"SearchAction\",\"target\":{\"@type\":\"EntryPoint\",\"urlTemplate\":\"https:\/\/www.enabel.be\/nl\/?s={search_term_string}\"},\"query-input\":{\"@type\":\"PropertyValueSpecification\",\"valueRequired\":true,\"valueName\":\"search_term_string\"}}],\"inLanguage\":\"nl-NL\"},{\"@type\":\"Organization\",\"@id\":\"https:\/\/www.enabel.be\/nl\/#organization\",\"name\":\"Enabel - Belgisch agentschap voor internationale samenwerking\",\"url\":\"https:\/\/www.enabel.be\/nl\/\",\"logo\":{\"@type\":\"ImageObject\",\"inLanguage\":\"nl-NL\",\"@id\":\"https:\/\/www.enabel.be\/nl\/#\/schema\/logo\/image\/\",\"url\":\"https:\/\/www.enabel.be\/app\/uploads\/2022\/06\/enabel-logo-color.svg\",\"contentUrl\":\"https:\/\/www.enabel.be\/app\/uploads\/2022\/06\/enabel-logo-color.svg\",\"width\":103,\"height\":35,\"caption\":\"Enabel - Belgisch agentschap voor internationale samenwerking\"},\"image\":{\"@id\":\"https:\/\/www.enabel.be\/nl\/#\/schema\/logo\/image\/\"},\"sameAs\":[\"https:\/\/www.facebook.com\/EnabelBelgium\/\",\"https:\/\/x.com\/Enabel_Belgium\",\"https:\/\/www.instagram.com\/enabel_be\/\",\"https:\/\/www.linkedin.com\/company\/enabel\/\",\"https:\/\/www.youtube.com\/channel\/UCHGr3iOQ9n2jORzgtkv5FyQ\"]}]}<\/script>\n<!-- \/ Yoast SEO plugin. -->","yoast_head_json":{"title":"2108BDI-10197_March\u00e9 de Services relatif \u00e0 la \u00ab\u00a0mise en place d\u2019un accord-cadre pour des prestations de services d\u2019organisation de s\u00e9minaires (h\u00e9bergement, restauration et de location de salle de r\u00e9unions), au profit de la Repr\u00e9sentation de Enabel au Burundi et de ses projets\u00a0\u00bb - Enabel - Belgisch agentschap voor internationale samenwerking","robots":{"index":"index","follow":"follow","max-snippet":"max-snippet:-1","max-image-preview":"max-image-preview:large","max-video-preview":"max-video-preview:-1"},"canonical":"https:\/\/www.enabel.be\/nl\/tenders\/marche-de-services-relatif-a-la-mise-en-place-dun-accord-cadre-pour-des-prestations-de-services-dorganisation-de-seminaires-hebergement-restauration-et-de-location-de-s\/","og_locale":"nl_NL","og_type":"article","og_title":"2108BDI-10197_March\u00e9 de Services relatif \u00e0 la \u00ab\u00a0mise en place d\u2019un accord-cadre pour des prestations de services d\u2019organisation de s\u00e9minaires (h\u00e9bergement, restauration et de location de salle de r\u00e9unions), au profit de la Repr\u00e9sentation de Enabel au Burundi et de ses projets\u00a0\u00bb - Enabel - Belgisch agentschap voor internationale samenwerking","og_url":"https:\/\/www.enabel.be\/nl\/tenders\/marche-de-services-relatif-a-la-mise-en-place-dun-accord-cadre-pour-des-prestations-de-services-dorganisation-de-seminaires-hebergement-restauration-et-de-location-de-s\/","og_site_name":"Enabel - Belgisch agentschap voor internationale samenwerking","article_publisher":"https:\/\/www.facebook.com\/EnabelBelgium\/","article_modified_time":"2025-07-29T06:47:50+00:00","og_image":[{"width":1500,"height":707,"url":"https:\/\/www.enabel.be\/app\/uploads\/2022\/10\/OG-Enabel-e1666600479426.jpg","type":"image\/jpeg"}],"twitter_card":"summary_large_image","twitter_site":"@Enabel_Belgium","twitter_misc":{"Est. reading time":"1 minuut"},"schema":{"@context":"https:\/\/schema.org","@graph":[{"@type":"WebPage","@id":"https:\/\/www.enabel.be\/nl\/tenders\/marche-de-services-relatif-a-la-mise-en-place-dun-accord-cadre-pour-des-prestations-de-services-dorganisation-de-seminaires-hebergement-restauration-et-de-location-de-s\/","url":"https:\/\/www.enabel.be\/nl\/tenders\/marche-de-services-relatif-a-la-mise-en-place-dun-accord-cadre-pour-des-prestations-de-services-dorganisation-de-seminaires-hebergement-restauration-et-de-location-de-s\/","name":"2108BDI-10197_March\u00e9 de Services relatif \u00e0 la \u00ab\u00a0mise en place d\u2019un accord-cadre pour des prestations de services d\u2019organisation de s\u00e9minaires (h\u00e9bergement, restauration et de location de salle de r\u00e9unions), au profit de la Repr\u00e9sentation de Enabel au Burundi et de ses projets\u00a0\u00bb - Enabel - Belgisch agentschap voor internationale samenwerking","isPartOf":{"@id":"https:\/\/www.enabel.be\/nl\/#website"},"datePublished":"2025-07-29T06:44:05+00:00","dateModified":"2025-07-29T06:47:50+00:00","breadcrumb":{"@id":"https:\/\/www.enabel.be\/nl\/tenders\/marche-de-services-relatif-a-la-mise-en-place-dun-accord-cadre-pour-des-prestations-de-services-dorganisation-de-seminaires-hebergement-restauration-et-de-location-de-s\/#breadcrumb"},"inLanguage":"nl-NL","potentialAction":[{"@type":"ReadAction","target":["https:\/\/www.enabel.be\/nl\/tenders\/marche-de-services-relatif-a-la-mise-en-place-dun-accord-cadre-pour-des-prestations-de-services-dorganisation-de-seminaires-hebergement-restauration-et-de-location-de-s\/"]}]},{"@type":"BreadcrumbList","@id":"https:\/\/www.enabel.be\/nl\/tenders\/marche-de-services-relatif-a-la-mise-en-place-dun-accord-cadre-pour-des-prestations-de-services-dorganisation-de-seminaires-hebergement-restauration-et-de-location-de-s\/#breadcrumb","itemListElement":[{"@type":"ListItem","position":1,"name":"Home","item":"https:\/\/www.enabel.be\/nl\/"},{"@type":"ListItem","position":2,"name":"2108BDI-10197_March\u00e9 de Services relatif \u00e0 la \u00ab\u00a0mise en place d\u2019un accord-cadre pour des prestations de services d\u2019organisation de s\u00e9minaires (h\u00e9bergement, restauration et de location de salle de r\u00e9unions), au profit de la Repr\u00e9sentation de Enabel au Burundi et de ses projets\u00a0\u00bb"}]},{"@type":"WebSite","@id":"https:\/\/www.enabel.be\/nl\/#website","url":"https:\/\/www.enabel.be\/nl\/","name":"Enabel - Belgisch agentschap voor internationale samenwerking","description":"Enabling Change","publisher":{"@id":"https:\/\/www.enabel.be\/nl\/#organization"},"potentialAction":[{"@type":"SearchAction","target":{"@type":"EntryPoint","urlTemplate":"https:\/\/www.enabel.be\/nl\/?s={search_term_string}"},"query-input":{"@type":"PropertyValueSpecification","valueRequired":true,"valueName":"search_term_string"}}],"inLanguage":"nl-NL"},{"@type":"Organization","@id":"https:\/\/www.enabel.be\/nl\/#organization","name":"Enabel - Belgisch agentschap voor internationale samenwerking","url":"https:\/\/www.enabel.be\/nl\/","logo":{"@type":"ImageObject","inLanguage":"nl-NL","@id":"https:\/\/www.enabel.be\/nl\/#\/schema\/logo\/image\/","url":"https:\/\/www.enabel.be\/app\/uploads\/2022\/06\/enabel-logo-color.svg","contentUrl":"https:\/\/www.enabel.be\/app\/uploads\/2022\/06\/enabel-logo-color.svg","width":103,"height":35,"caption":"Enabel - Belgisch agentschap voor internationale samenwerking"},"image":{"@id":"https:\/\/www.enabel.be\/nl\/#\/schema\/logo\/image\/"},"sameAs":["https:\/\/www.facebook.com\/EnabelBelgium\/","https:\/\/x.com\/Enabel_Belgium","https:\/\/www.instagram.com\/enabel_be\/","https:\/\/www.linkedin.com\/company\/enabel\/","https:\/\/www.youtube.com\/channel\/UCHGr3iOQ9n2jORzgtkv5FyQ"]}]}},"acf":[],"_links":{"self":[{"href":"https:\/\/www.enabel.be\/nl\/wp-json\/wp\/v2\/tenders\/57648","targetHints":{"allow":["GET"]}}],"collection":[{"href":"https:\/\/www.enabel.be\/nl\/wp-json\/wp\/v2\/tenders"}],"about":[{"href":"https:\/\/www.enabel.be\/nl\/wp-json\/wp\/v2\/types\/tenders"}],"wp:attachment":[{"href":"https:\/\/www.enabel.be\/nl\/wp-json\/wp\/v2\/media?parent=57648"}],"wp:term":[{"taxonomy":"type-tenders","embeddable":true,"href":"https:\/\/www.enabel.be\/nl\/wp-json\/wp\/v2\/type-tenders?post=57648"}],"curies":[{"name":"wp","href":"https:\/\/api.w.org\/{rel}","templated":true}]}}

2108BDI-10197_Marché de Services relatif à la « mise en place d’un accord-cadre pour des prestations de services d’organisation de séminaires (hébergement, restauration et de location de salle de réunions), au profit de la Représentation de Enabel au Burundi et de ses projets »

<!-- This site is optimized with the Yoast SEO plugin v25.9 - https://yoast.com/wordpress/plugins/seo/ -->
<title>2108BDI-10197_Marché de Services relatif à la « mise en place d’un accord-cadre pour des prestations de services d’organisation de séminaires (hébergement, restauration et de location de salle de réunions), au profit de la Représentation de Enabel au Burundi et de ses projets » - Enabel - Belgisch agentschap voor internationale samenwerking</title>
<meta name="robots" content="index, follow, max-snippet:-1, max-image-preview:large, max-video-preview:-1" />
<link rel="canonical" href="https://www.enabel.be/nl/tenders/marche-de-services-relatif-a-la-mise-en-place-dun-accord-cadre-pour-des-prestations-de-services-dorganisation-de-seminaires-hebergement-restauration-et-de-location-de-s/" />
<meta property="og:locale" content="nl_NL" />
<meta property="og:type" content="article" />
<meta property="og:title" content="2108BDI-10197_Marché de Services relatif à la « mise en place d’un accord-cadre pour des prestations de services d’organisation de séminaires (hébergement, restauration et de location de salle de réunions), au profit de la Représentation de Enabel au Burundi et de ses projets » - Enabel - Belgisch agentschap voor internationale samenwerking" />
<meta property="og:url" content="https://www.enabel.be/nl/tenders/marche-de-services-relatif-a-la-mise-en-place-dun-accord-cadre-pour-des-prestations-de-services-dorganisation-de-seminaires-hebergement-restauration-et-de-location-de-s/" />
<meta property="og:site_name" content="Enabel - Belgisch agentschap voor internationale samenwerking" />
<meta property="article:publisher" content="https://www.facebook.com/EnabelBelgium/" />
<meta property="article:modified_time" content="2025-07-29T06:47:50+00:00" />
<meta property="og:image" content="https://www.enabel.be/app/uploads/2022/10/OG-Enabel-e1666600479426.jpg" />
	<meta property="og:image:width" content="1500" />
	<meta property="og:image:height" content="707" />
	<meta property="og:image:type" content="image/jpeg" />
<meta name="twitter:card" content="summary_large_image" />
<meta name="twitter:site" content="@Enabel_Belgium" />
<meta name="twitter:label1" content="Est. reading time" />
	<meta name="twitter:data1" content="1 minuut" />
<script type="application/ld+json" class="yoast-schema-graph">{"@context":"https://schema.org","@graph":[{"@type":"WebPage","@id":"https://www.enabel.be/nl/tenders/marche-de-services-relatif-a-la-mise-en-place-dun-accord-cadre-pour-des-prestations-de-services-dorganisation-de-seminaires-hebergement-restauration-et-de-location-de-s/","url":"https://www.enabel.be/nl/tenders/marche-de-services-relatif-a-la-mise-en-place-dun-accord-cadre-pour-des-prestations-de-services-dorganisation-de-seminaires-hebergement-restauration-et-de-location-de-s/","name":"2108BDI-10197_Marché de Services relatif à la « mise en place d’un accord-cadre pour des prestations de services d’organisation de séminaires (hébergement, restauration et de location de salle de réunions), au profit de la Représentation de Enabel au Burundi et de ses projets » - Enabel - Belgisch agentschap voor internationale samenwerking","isPartOf":{"@id":"https://www.enabel.be/nl/#website"},"datePublished":"2025-07-29T06:44:05+00:00","dateModified":"2025-07-29T06:47:50+00:00","breadcrumb":{"@id":"https://www.enabel.be/nl/tenders/marche-de-services-relatif-a-la-mise-en-place-dun-accord-cadre-pour-des-prestations-de-services-dorganisation-de-seminaires-hebergement-restauration-et-de-location-de-s/#breadcrumb"},"inLanguage":"nl-NL","potentialAction":[{"@type":"ReadAction","target":["https://www.enabel.be/nl/tenders/marche-de-services-relatif-a-la-mise-en-place-dun-accord-cadre-pour-des-prestations-de-services-dorganisation-de-seminaires-hebergement-restauration-et-de-location-de-s/"]}]},{"@type":"BreadcrumbList","@id":"https://www.enabel.be/nl/tenders/marche-de-services-relatif-a-la-mise-en-place-dun-accord-cadre-pour-des-prestations-de-services-dorganisation-de-seminaires-hebergement-restauration-et-de-location-de-s/#breadcrumb","itemListElement":[{"@type":"ListItem","position":1,"name":"Home","item":"https://www.enabel.be/nl/"},{"@type":"ListItem","position":2,"name":"2108BDI-10197_Marché de Services relatif à la « mise en place d’un accord-cadre pour des prestations de services d’organisation de séminaires (hébergement, restauration et de location de salle de réunions), au profit de la Représentation de Enabel au Burundi et de ses projets »"}]},{"@type":"WebSite","@id":"https://www.enabel.be/nl/#website","url":"https://www.enabel.be/nl/","name":"Enabel - Belgisch agentschap voor internationale samenwerking","description":"Enabling Change","publisher":{"@id":"https://www.enabel.be/nl/#organization"},"potentialAction":[{"@type":"SearchAction","target":{"@type":"EntryPoint","urlTemplate":"https://www.enabel.be/nl/?s={search_term_string}"},"query-input":{"@type":"PropertyValueSpecification","valueRequired":true,"valueName":"search_term_string"}}],"inLanguage":"nl-NL"},{"@type":"Organization","@id":"https://www.enabel.be/nl/#organization","name":"Enabel - Belgisch agentschap voor internationale samenwerking","url":"https://www.enabel.be/nl/","logo":{"@type":"ImageObject","inLanguage":"nl-NL","@id":"https://www.enabel.be/nl/#/schema/logo/image/","url":"https://www.enabel.be/app/uploads/2022/06/enabel-logo-color.svg","contentUrl":"https://www.enabel.be/app/uploads/2022/06/enabel-logo-color.svg","width":103,"height":35,"caption":"Enabel - Belgisch agentschap voor internationale samenwerking"},"image":{"@id":"https://www.enabel.be/nl/#/schema/logo/image/"},"sameAs":["https://www.facebook.com/EnabelBelgium/","https://x.com/Enabel_Belgium","https://www.instagram.com/enabel_be/","https://www.linkedin.com/company/enabel/","https://www.youtube.com/channel/UCHGr3iOQ9n2jORzgtkv5FyQ"]}]}</script>
<!-- / Yoast SEO plugin. -->

2108BDI-10197_Marché de Services relatif à la « mise en place d’un accord-cadre pour des prestations de services d’organisation de séminaires (hébergement, restauration et de location de salle de réunions), au profit de la Représentation de Enabel au Burundi et de ses projets » - Enabel - Belgisch agentschap voor internationale samenwerking
